{"id":1626,"date":"2023-08-10T23:05:00","date_gmt":"2023-08-10T21:05:00","guid":{"rendered":"https:\/\/jasa-boden.de\/home\/?page_id=1626"},"modified":"2023-08-10T23:05:00","modified_gmt":"2023-08-10T21:05:00","slug":"agb","status":"publish","type":"page","link":"https:\/\/jasa-boden.de\/home\/agb\/","title":{"rendered":"AGB"},"content":{"rendered":"<p><strong>\u00a7 1 Allgemeines, Geltungsbereich<\/strong>(1) Die vorliegenden Allgemeinen Gesch\u00e4ftsbedingungen (AGB) gelten f\u00fcr alle unsere Gesch\u00e4ftsbeziehungen mit unseren Kunden, die Verbraucher im Sinne des Gesetzes sind (\u201eKunden\u201c).(2) Die AGB gelten f\u00fcr Werkvertr\u00e4ge betreffend die Lieferung und den Einbau von Bodenbel\u00e4gen (\u201eWare\u201c), ohne R\u00fccksicht darauf, ob wir die Ware selbst herstellen oder bei Zulieferern einkaufen.(3) Unsere AGB gelten ausschlie\u00dflich. Abweichende, entgegenstehende oder erg\u00e4nzende Allgemeine Gesch\u00e4ftsbedingungen des Kunden werden nur dann und insoweit Vertragsbestandteil, als wir ihrer Geltung ausdr\u00fccklich zugestimmt haben. Dieses Zustimmungserfordernis gilt in jedem Fall, beispielsweise auch dann, wenn wir in Kenntnis der AGB des Kunden die Leistung\/Lieferung an ihn vorbehaltlos ausf\u00fchren.(4) Im Einzelfall getroffene, individuelle Vereinbarungen mit dem Kunden (einschlie\u00dflich Nebenabreden, Erg\u00e4nzungen und \u00c4nderungen) haben in jedem Fall Vorrang vor diesen AGB. F\u00fcr den Inhalt derartiger Vereinbarungen ist, vorbehaltlich des Gegenbeweises, ein schriftlicher Vertrag bzw. unsere schriftliche Best\u00e4tigung ma\u00dfgebend.(5) Hinweise auf die Geltung gesetzlicher Vorschriften haben nur klarstellende Bedeutung. Auch ohne eine derartige Klarstellung gelten daher die gesetzlichen Vorschriften, soweit sie in diesen AGB nicht unmittelbar abge\u00e4ndert oder ausdr\u00fccklich ausgeschlossen werden.<\/p>\n<p>&nbsp;<\/p>\n<p><strong>\u00a7 2 M\u00e4ngelanspr\u00fcche des Kunden<\/strong>(1) F\u00fcr die Rechte des Kunden bei Sach- und Rechtsm\u00e4ngeln (einschlie\u00dflich Falsch- und Minderlieferung sowie unsachgem\u00e4\u00dfer Montage) gelten die gesetzlichen Vorschriften, soweit nachfolgend nichts anderes bestimmt ist.(2) Grundlage unserer M\u00e4ngelhaftung ist die \u00fcber die Beschaffenheit der Ware getroffene Vereinbarung.(3) Soweit die Beschaffenheit nicht vereinbart wurde, ist nach der gesetzlichen Regelung zu beurteilen, ob ein Mangel vorliegt oder nicht. F\u00fcr \u00f6ffentliche \u00c4u\u00dferungen des Herstellers oder sonstiger Dritter (z.B. Werbeaussagen) \u00fcbernehmen wir jedoch keine Haftung.(4) Ist die gelieferte Sache mangelhaft, k\u00f6nnen wir zun\u00e4chst w\u00e4hlen, ob wir Nacherf\u00fcllung durch Beseitigung des Mangels (Nachbesserung) oder durch Lieferung einer mangelfreien Sache (Ersatzlieferung) leisten. Unser Recht, die Nacherf\u00fcllung unter den gesetzlichen Voraussetzungen zu verweigern, bleibt unber\u00fchrt.(5) Wir sind berechtigt, die geschuldete Nacherf\u00fcllung davon abh\u00e4ngig zu machen, dass der Kunde den f\u00e4lligen Werklohn bzw. Kaufpreis bezahlt. Der Kunde ist jedoch berechtigt, einen im Verh\u00e4ltnis zum Mangel angemessenen Teil des Werklohnes bzw. Kaufpreises zur\u00fcckzubehalten.(6) Der Kunde hat uns die zur geschuldeten Nacherf\u00fcllung erforderliche Zeit und Gelegenheit zu geben, insbesondere die beanstandete Ware zu Pr\u00fcfungszwecken zu \u00fcbergeben bzw. uns Zutritt zu R\u00e4umlichkeiten zu gew\u00e4hren, in denen sich bem\u00e4ngelte Ware befindet bzw. in denen mangelhafte Verlegearbeiten erfolgten. Im Falle der Ersatzlieferung hat uns der Kunde die mangelhafte Sache nach den gesetzlichen Vorschriften herauszugeben.(7) Die zum Zweck der Pr\u00fcfung und Nacherf\u00fcllung erforderlichen Aufwendungen, insbesondere Transport-, Wege-, Arbeits- und Materialkosten, tragen wir, wenn tats\u00e4chlich ein Mangel vorliegt. Andernfalls k\u00f6nnen wir vom Kunden die aus dem unberechtigten Mangelbeseitigungsverlangen entstandenen Kosten (insbesondere Pr\u00fcf- und Transportkosten) ersetzt verlangen, es sei denn, die fehlende Mangelhaftigkeit war f\u00fcr den Kunden nicht erkennbar.(8) In dringenden F\u00e4llen, z.B. zur Abwehr unverh\u00e4ltnism\u00e4\u00dfiger Sch\u00e4den, hat der Kunde das Recht, den Mangel selbst zu beseitigen und von uns Ersatz der hierzu objektiv erforderlichen Aufwendungen zu verlangen. Von einer derartigen Selbstvornahme sind wir unverz\u00fcglich, nach M\u00f6glichkeit vorher, zu benachrichtigen. Das Selbstvornahmerecht besteht nicht, wenn wir berechtigt w\u00e4ren, eine entsprechende Nacherf\u00fcllung nach den gesetzlichen Vorschriften zu verweigern.(9) Wenn die Nacherf\u00fcllung fehlgeschlagen ist oder eine f\u00fcr die Nacherf\u00fcllung vom Kunden zu setzende angemessene Frist erfolglos abgelaufen oder nach den gesetzlichen Vorschriften entbehrlich ist, kann der Kunde vom Vertrag zur\u00fccktreten oder den Werklohn bzw. Kaufpreis mindern. Bei einem unerheblichen Mangel besteht jedoch kein R\u00fccktrittsrecht.(10) Anspr\u00fcche des Kunden auf Schadensersatz bzw. Ersatz vergeblicher Aufwendungen bestehen auch bei M\u00e4ngeln nur nach Ma\u00dfgabe von \u00a7\u00a08 und sind im \u00dcbrigen ausgeschlossen.<\/p>\n<p>&nbsp;<\/p>\n","protected":false},"excerpt":{"rendered":"<p>\u00a7 1 Allgemeines, Geltungsbereich(1) Die vorliegenden Allgemeinen Gesch\u00e4ftsbedingungen (AGB) gelten f\u00fcr alle unsere Gesch\u00e4ftsbeziehungen mit unseren Kunden, die Verbraucher im Sinne des Gesetzes sind (\u201eKunden\u201c).(2) Die AGB gelten f\u00fcr Werkvertr\u00e4ge betreffend die Lieferung und den Einbau von Bodenbel\u00e4gen (\u201eWare\u201c), ohne R\u00fccksicht darauf, ob wir die Ware selbst herstellen oder bei Zulieferern einkaufen.(3) Unsere AGB gelten [&hellip;]<\/p>\n","protected":false},"author":1,"featured_media":0,"parent":0,"menu_order":0,"comment_status":"closed","ping_status":"closed","template":"","meta":{"footnotes":""},"class_list":["post-1626","page","type-page","status-publish","hentry"],"yoast_head":"<!-- This site is optimized with the Yoast SEO plugin v20.1 - https:\/\/yoast.com\/wordpress\/plugins\/seo\/ -->\n<title>AGB - JASA Boden<\/title>\n<meta name=\"robots\" content=\"index, follow, max-snippet:-1, max-image-preview:large, max-video-preview:-1\" \/>\n<link rel=\"canonical\" href=\"https:\/\/jasa-boden.de\/home\/agb\/\" \/>\n<meta property=\"og:locale\" content=\"de_DE\" \/>\n<meta property=\"og:type\" content=\"article\" \/>\n<meta property=\"og:title\" content=\"AGB - JASA Boden\" \/>\n<meta property=\"og:description\" content=\"\u00a7 1 Allgemeines, Geltungsbereich(1) Die vorliegenden Allgemeinen Gesch\u00e4ftsbedingungen (AGB) gelten f\u00fcr alle unsere Gesch\u00e4ftsbeziehungen mit unseren Kunden, die Verbraucher im Sinne des Gesetzes sind (\u201eKunden\u201c).(2) Die AGB gelten f\u00fcr Werkvertr\u00e4ge betreffend die Lieferung und den Einbau von Bodenbel\u00e4gen (\u201eWare\u201c), ohne R\u00fccksicht darauf, ob wir die Ware selbst herstellen oder bei Zulieferern einkaufen.(3) Unsere AGB gelten [&hellip;]\" \/>\n<meta property=\"og:url\" content=\"https:\/\/jasa-boden.de\/home\/agb\/\" \/>\n<meta property=\"og:site_name\" content=\"JASA Boden\" \/>\n<meta name=\"twitter:card\" content=\"summary_large_image\" \/>\n<meta name=\"twitter:label1\" content=\"Gesch\u00e4tzte Lesezeit\" \/>\n\t<meta name=\"twitter:data1\" content=\"4\u00a0Minuten\" \/>\n<script type=\"application\/ld+json\" class=\"yoast-schema-graph\">{\"@context\":\"https:\/\/schema.org\",\"@graph\":[{\"@type\":\"WebPage\",\"@id\":\"https:\/\/jasa-boden.de\/home\/agb\/\",\"url\":\"https:\/\/jasa-boden.de\/home\/agb\/\",\"name\":\"AGB - JASA Boden\",\"isPartOf\":{\"@id\":\"https:\/\/jasa-boden.de\/home\/#website\"},\"datePublished\":\"2023-08-10T21:05:00+00:00\",\"dateModified\":\"2023-08-10T21:05:00+00:00\",\"breadcrumb\":{\"@id\":\"https:\/\/jasa-boden.de\/home\/agb\/#breadcrumb\"},\"inLanguage\":\"de\",\"potentialAction\":[{\"@type\":\"ReadAction\",\"target\":[\"https:\/\/jasa-boden.de\/home\/agb\/\"]}]},{\"@type\":\"BreadcrumbList\",\"@id\":\"https:\/\/jasa-boden.de\/home\/agb\/#breadcrumb\",\"itemListElement\":[{\"@type\":\"ListItem\",\"position\":1,\"name\":\"Startseite\",\"item\":\"https:\/\/jasa-boden.de\/home\/\"},{\"@type\":\"ListItem\",\"position\":2,\"name\":\"AGB\"}]},{\"@type\":\"WebSite\",\"@id\":\"https:\/\/jasa-boden.de\/home\/#website\",\"url\":\"https:\/\/jasa-boden.de\/home\/\",\"name\":\"JASA Boden\",\"description\":\"Parkett und Fu\u00dfbodentechnik\",\"publisher\":{\"@id\":\"https:\/\/jasa-boden.de\/home\/#organization\"},\"potentialAction\":[{\"@type\":\"SearchAction\",\"target\":{\"@type\":\"EntryPoint\",\"urlTemplate\":\"https:\/\/jasa-boden.de\/home\/?s={search_term_string}\"},\"query-input\":\"required name=search_term_string\"}],\"inLanguage\":\"de\"},{\"@type\":\"Organization\",\"@id\":\"https:\/\/jasa-boden.de\/home\/#organization\",\"name\":\"JASA Boden\",\"url\":\"https:\/\/jasa-boden.de\/home\/\",\"logo\":{\"@type\":\"ImageObject\",\"inLanguage\":\"de\",\"@id\":\"https:\/\/jasa-boden.de\/home\/#\/schema\/logo\/image\/\",\"url\":\"https:\/\/jasa-boden.de\/wp-content\/uploads\/2022\/07\/logopng-1.png\",\"contentUrl\":\"https:\/\/jasa-boden.de\/wp-content\/uploads\/2022\/07\/logopng-1.png\",\"width\":3641,\"height\":2048,\"caption\":\"JASA Boden\"},\"image\":{\"@id\":\"https:\/\/jasa-boden.de\/home\/#\/schema\/logo\/image\/\"}}]}<\/script>\n<!-- \/ Yoast SEO plugin. -->","yoast_head_json":{"title":"AGB - JASA Boden","robots":{"index":"index","follow":"follow","max-snippet":"max-snippet:-1","max-image-preview":"max-image-preview:large","max-video-preview":"max-video-preview:-1"},"canonical":"https:\/\/jasa-boden.de\/home\/agb\/","og_locale":"de_DE","og_type":"article","og_title":"AGB - JASA Boden","og_description":"\u00a7 1 Allgemeines, Geltungsbereich(1) Die vorliegenden Allgemeinen Gesch\u00e4ftsbedingungen (AGB) gelten f\u00fcr alle unsere Gesch\u00e4ftsbeziehungen mit unseren Kunden, die Verbraucher im Sinne des Gesetzes sind (\u201eKunden\u201c).(2) Die AGB gelten f\u00fcr Werkvertr\u00e4ge betreffend die Lieferung und den Einbau von Bodenbel\u00e4gen (\u201eWare\u201c), ohne R\u00fccksicht darauf, ob wir die Ware selbst herstellen oder bei Zulieferern einkaufen.(3) Unsere AGB gelten [&hellip;]","og_url":"https:\/\/jasa-boden.de\/home\/agb\/","og_site_name":"JASA Boden","twitter_card":"summary_large_image","twitter_misc":{"Gesch\u00e4tzte Lesezeit":"4\u00a0Minuten"},"schema":{"@context":"https:\/\/schema.org","@graph":[{"@type":"WebPage","@id":"https:\/\/jasa-boden.de\/home\/agb\/","url":"https:\/\/jasa-boden.de\/home\/agb\/","name":"AGB - JASA Boden","isPartOf":{"@id":"https:\/\/jasa-boden.de\/home\/#website"},"datePublished":"2023-08-10T21:05:00+00:00","dateModified":"2023-08-10T21:05:00+00:00","breadcrumb":{"@id":"https:\/\/jasa-boden.de\/home\/agb\/#breadcrumb"},"inLanguage":"de","potentialAction":[{"@type":"ReadAction","target":["https:\/\/jasa-boden.de\/home\/agb\/"]}]},{"@type":"BreadcrumbList","@id":"https:\/\/jasa-boden.de\/home\/agb\/#breadcrumb","itemListElement":[{"@type":"ListItem","position":1,"name":"Startseite","item":"https:\/\/jasa-boden.de\/home\/"},{"@type":"ListItem","position":2,"name":"AGB"}]},{"@type":"WebSite","@id":"https:\/\/jasa-boden.de\/home\/#website","url":"https:\/\/jasa-boden.de\/home\/","name":"JASA Boden","description":"Parkett und Fu\u00dfbodentechnik","publisher":{"@id":"https:\/\/jasa-boden.de\/home\/#organization"},"potentialAction":[{"@type":"SearchAction","target":{"@type":"EntryPoint","urlTemplate":"https:\/\/jasa-boden.de\/home\/?s={search_term_string}"},"query-input":"required name=search_term_string"}],"inLanguage":"de"},{"@type":"Organization","@id":"https:\/\/jasa-boden.de\/home\/#organization","name":"JASA Boden","url":"https:\/\/jasa-boden.de\/home\/","logo":{"@type":"ImageObject","inLanguage":"de","@id":"https:\/\/jasa-boden.de\/home\/#\/schema\/logo\/image\/","url":"https:\/\/jasa-boden.de\/wp-content\/uploads\/2022\/07\/logopng-1.png","contentUrl":"https:\/\/jasa-boden.de\/wp-content\/uploads\/2022\/07\/logopng-1.png","width":3641,"height":2048,"caption":"JASA Boden"},"image":{"@id":"https:\/\/jasa-boden.de\/home\/#\/schema\/logo\/image\/"}}]}},"_links":{"self":[{"href":"https:\/\/jasa-boden.de\/home\/wp-json\/wp\/v2\/pages\/1626","targetHints":{"allow":["GET"]}}],"collection":[{"href":"https:\/\/jasa-boden.de\/home\/wp-json\/wp\/v2\/pages"}],"about":[{"href":"https:\/\/jasa-boden.de\/home\/wp-json\/wp\/v2\/types\/page"}],"author":[{"embeddable":true,"href":"https:\/\/jasa-boden.de\/home\/wp-json\/wp\/v2\/users\/1"}],"replies":[{"embeddable":true,"href":"https:\/\/jasa-boden.de\/home\/wp-json\/wp\/v2\/comments?post=1626"}],"version-history":[{"count":1,"href":"https:\/\/jasa-boden.de\/home\/wp-json\/wp\/v2\/pages\/1626\/revisions"}],"predecessor-version":[{"id":1627,"href":"https:\/\/jasa-boden.de\/home\/wp-json\/wp\/v2\/pages\/1626\/revisions\/1627"}],"wp:attachment":[{"href":"https:\/\/jasa-boden.de\/home\/wp-json\/wp\/v2\/media?parent=1626"}],"curies":[{"name":"wp","href":"https:\/\/api.w.org\/{rel}","templated":true}]}}